 highest common factor of 8 and a.
8
Let u = -177 - -387. What is the greatest common divisor of 14 and u?
14
Let g(q) = q**2 - q - 15. Let z be g(5). What is the highest common factor of 5 and z?
5
Let k(w) = -w**2 - 2*w + 2. Let a be k(-2). Suppose -1 = a*h - 13. Let r = 1 - -3. What is the highest common divisor of h and r?
2
Suppose z + 2*z + p - 12 = 0, 3*p + 34 = 5*z. Let q = 136 - 80. Suppose -6*m + 2*m = -4*s - 272, q = m + z*s. Calculate the highest common divisor of 44 and m.
22
Let o be (((-48)/(-3))/(-2))/1. Let c be 20/o*(-18)/5. Calculate the highest common factor of 99 and c.
9
Suppose -5*f = -5*b - 205, 0 = -0*b + b + f + 49. Let h be (-4041)/b - (-1)/5. Suppose -2*o + 4 = -32. What is the greatest common factor of h and o?
18
Let z be 72/((-9)/6 + 1). Let s be (3/2)/((-3)/z). What is the highest common factor of s and 9?
9
Suppose 3*f = h + 17, 3*h = 2*f - f - 19. Suppose z - f*z + 40 = -5*b, 2*b - 47 = -3*z. Calculate the highest common divisor of z and 165.
15
Let c be ((-189)/(-28))/(2/(-8)). Let v = c + 39. Calculate the greatest common factor of 108 and v.
12
Let y be (-5)/10 - (-387)/6. Calculate the highest common factor of y and 8.
8
Suppose 2*p = 0, -3*k + p + 75 = -4*p. Calculate the highest common factor of k and 125.
25
Suppose -4*c + 3*d + 13 = c, -d = 3*c - 5. Suppose -c*q = -2*p + q + 8, -p + 4 = 3*q. What is the greatest common factor of p and 2?
2
Let r(p) = 5*p + 39. Let i be r(-6). What is the highest common divisor of 3 and i?
3
Let m be 45/9*(-4)/(-10). Suppose m*x = o - 10, x - 12 = -3*x. What is the greatest common divisor of o and 40?
8
Let n(k) = -2*k**2 + k + 4. Let b be n(-7). Suppose 0 = 2*p - 36 + 158. Let h = p - b. Calculate the greatest common divisor of h and 8.
8
Let f(g) = -g + 2. Let q be f(10). Let r be 76/18 + q/36. Calculate the greatest common factor of r and 16.
4
Suppose 5*j = -5*c + 250, j = -3*c + 48 - 8. Calculate the greatest common divisor of j and 33.
11
Let z(s) = 2*s**3 - 20*s**2 + 20*s - 6. Let t be z(9). Let c be ((-20)/2)/((-1)/6). What is the greatest common divisor of t and c?
12
Suppose -d = -0*d - 4. Suppose 7*s - d*s - 54 = 0. Calculate the highest common divisor of 2 and s.
2
Let a(o) = -7*o. Suppose -2 = 2*f - 8. Suppose -5*j = 2*g - 8, -f*g - 5*j + 3*j = 10. Let l be a(g). What is the highest common divisor of l and 28?
14
Suppose 3*n + 11 - 2 = 0. Let l = 3 - n. What is the greatest common factor of 2 and l?
2
Let r = -11 + 19. Calculate the highest common factor of 88 and r.
8
Let z(a) = 0 - 4 - 2*a**2 + 2 - 6*a. Let q be z(-5). Let m = -5 - q. What is the highest common divisor of m and 187?
17
Let c = 5 + 3. What is the greatest common divisor of c and 64?
8
Let h = 313 + -188. Calculate the highest common divisor of h and 25.
25
Let g = 5 - 4. What is the highest common factor of 2 and g?
1
Let x(i) = i**3 - 21*i**2 - 20*i + 4. Let a be x(22). Calculate the greatest common divisor of a and 24.
24
Let p be ((-20)/(-40))/(1/6). Calculate the highest common factor of 27 and p.
3
Let z be ((-68)/(-5))/(10/(-775)). Let u be 1/3 + z/(-6). Calculate the greatest common factor of u and 16.
16
Let r be (-6)/(-21) - 38/(-14). Let g(y) = 2*y - 4. Let h be g(r). Suppose 3*s - s = -5*o + 16, 5*s = 15. Calculate the greatest common factor of o and h.
2
Let b be -2 + -2 - (-21 + 3). Calculate the greatest common factor of b and 7.
7
Let c be (20/(-6))/((-5)/1065). Let x = c + -479. What is the greatest common factor of x and 21?
21
Let s(f) = 18*f - 20. Let l be s(6). What is the highest common divisor of l and 44?
44
Suppose 0 = 3*s + 4*x + 19, -8 = -4*s + 5*x + 8. Let m be -9 + (-1 - 1/s). Let f = 8 - m. What is the highest common factor of f and 34?
17
Suppose a + 21 = 30. What is the highest common factor of 3 and a?
3
Suppose 0 = -4*k + 7*k - 60. Let q = 119 - 19. Calculate the highest common divisor of q and k.
20
Suppose 0 = -12*p + 8*p + 12. Calculate the greatest common factor of 8 and p.
1
Let l = 102 - 93. Calculate the greatest common divisor of 99 and l.
9
Suppose 0 = -w - 2*g + 397, 829 = -3*w + 5*w - 3*g. What is the greatest common divisor of 37 and w?
37
Let h = 3 + -2. Suppose -4*g + 0*g + 4 = 0. What is the highest common divisor of g and h?
1
Let f(w) = w**3 + 3*w**2 - 4*w - 3. Let r be f(-2). Suppose -2*l - 109 - 288 = -5*u, -4*l - 65 = -u. Calculate the highest common divisor of r and u.
9
Suppose 39*q + 54 = 327. Let t(k) = k**2 + 5*k + 3. Let j be t(-5). Let g be (-1)/j - (-22)/3. Calculate the greatest common factor of g and q.
7
Let a = -129 - -143. Calculate the highest common divisor of 196 and a.
14
Let i(k) = -k**3 - 10*k**2 - k + 5. Let p be i(-10). What is the greatest common factor of 120 and p?
15
Suppose -4*r = 2*u + 29 - 123, 2*r - 5*u - 77 = 0. What is the highest common factor of 208 and r?
26
Suppose 3*m + 0*m - s = 17, -6 = -4*m - 2*s. Suppose m*l = -2*k + 30, 4*l - 4*k - 42 = 6. What is the highest common divisor of 9 and l?
9
Let w be 11/6 - 6/(-36). Suppose w*m = -3*j + 8, j = 2*j - 2*m - 8. What is the highest common divisor of j and 20?
4
Let y(q) = -q**3 + 9*q**2 + 3*q - 18. Let w be y(9). What is the greatest common divisor of 1 and w?
1
Let l be (36/4)/((-1)/(-2)). Suppose -172 = -4*n + 4*j, 0*n - 2*n - 5*j + 100 = 0. Calculate the greatest common divisor of n and l.
9
Suppose 2 + 10 = 2*r + 5*b, 20 = 5*b. Let w = r - -7. Let z be 18*(-3)/(-9)*w. Calculate the highest common factor of z and 2.
2
Suppose -g - 2 + 0 = 0. Let t = g + 0. Let v be ((-36)/15)/(t/60). What is the highest common divisor of 8 and v?
8
Suppose -4*v - 17 = r, 2*r + 7*v + 18 = 3*v. Let t = 3 - r. Suppose b - 35 = -x + t*b, 0 = 5*x - 5*b - 145. Calculate the highest common factor of 13 and x.
13
Let n(k) = k + 3. Let h be n(-6). Let q(l) = 9*l**2 + 2*l - 3. Let y be q(h). What is the highest common divisor of y and 9?
9
Let m(t) = -3*t + 29. Let i be m(-9). Calculate the highest common factor of i and 8.
8
Let n = 1 - -4. Suppose n*k = 42 + 43. Let t = 10 + k. What is the greatest common factor of 3 and t?
3
Let q be ((-1)/(-4))/(3/24). What is the highest common divisor of 18 and q?
2
Suppose 4*k + 9 = -z - 11, 2*k + 10 = -3*z. Let t(a) = -a**3 - 2*a**2 + 3*a + 3. Let s be t(k). What is the greatest common factor of s and 7?
7
Let d = -25 - -55. Calculate the highest common factor of d and 6.
6
Suppose -23*w + 400 = -19*w. Suppose 11*v + w = 15*v. Calculate the highest common factor of v and 150.
25
Let s = -133 - -265. Let i be 108/(-45)*(-5)/1. What is the highest common divisor of i and s?
12
Let y(a) = 4*a**2 - 3*a - 2. Let m be y(-1). Suppose -4*w + 3*w + 35 = 0. Calculate the greatest common factor of w and m.
5
Suppose -l + 165 + 27 = 0. Suppose -3*g = -0*g - l. Calculate the highest common divisor of g and 16.
16
Let d(f) = -f**3 + 10*f**2 - 6*f - 3. Let p be d(6). Calculate the highest common divisor of 15 and p.
15
Let j(u) = 14*u - 28. Let p be j(7). What is the greatest common divisor of p and 14?
14
Let f = 8 - 9. Let u be (-9 + -1)*(0 + f). What is the greatest common divisor of u and 15?
5
Let j(i) = 3*i**2 - 3*i. Let o be j(4). Calculate the highest common factor of o and 24.
12
Suppose -5*n = -2*x - 160, 10*x - 5*x = -25. What is the highest common divisor of n and 12?
6
Let v(h) = h**2 - 4*h + 2. Let t be v(5). Suppose t*u = 2*u + 455. Calculate the greatest common factor of u and 13.
13
Let z be 4/(39/36 - 1). Suppose -5*d + 18 + 9 = -3*y, -y + 11 = 5*d. Suppose -d*k + z = k. Calculate the greatest common factor of 132 and k.
12
Suppose -g = -2*f - 3*g + 16, -f + 12 = 3*g. What is the greatest common factor of f and 12?
6
Suppose 3*m = -5*k + 22, -4*k + 10*m - 12 = 5*m. Let a(c) = c**3 - 2*c**2 - c - 2. Let u be a(3). Calculate the highest common divisor of k and u.
2
Let v be (20/6)/((-8)/(-12)). Suppose 75 = v*w + 5. Let t be (463 + -7)/6 - 6. What is the greatest common factor of t and w?
14
Suppose 0 = d - 24 - 16. Let o(p) = -p**3 + 2*p**2 + p. Let x be o(2). Suppose 4*k - 20 = x*k. Calculate the highest common factor of d and k.
10
Let f(u) = u**2 - 13*u - 10. Let x = -25 + 39. Let k be f(x). Calculate the greatest common factor of k and 8.
4
Let a be 3/(3*-6) + 845/30. What is the greatest common factor of a and 8?
4
Let t(a) =